{"id":524,"date":"2021-03-20T14:01:21","date_gmt":"2021-03-20T14:01:21","guid":{"rendered":"http:\/\/www.sessizinsaat.org\/?page_id=524"},"modified":"2024-04-07T12:09:57","modified_gmt":"2024-04-07T12:09:57","slug":"cozum-ortaklarimiz","status":"publish","type":"page","link":"https:\/\/www.sessizinsaat.org\/index.php\/cozum-ortaklarimiz\/","title":{"rendered":"\u00c7\u00f6z\u00fcm Ortaklar\u0131m\u0131z"},"content":{"rendered":"\n<div class=\"is-layout-constrained wp-block-group\">\n<div class=\"is-layout-flow wp-block-query\"><ul class=\"is-layout-flow is-flex-container columns-3 wp-block-post-template\"><li class=\"wp-block-post post-1665 post type-post status-publish format-standard has-post-thumbnail hentry category-cozum-ortaklarimiz\">\n<figure class=\"alignwide wp-block-post-featured-image\"><a href=\"https:\/\/www.sessizinsaat.org\/index.php\/2024\/04\/07\/lentavia-danismanlik\/\" target=\"_self\" ><img width=\"264\" height=\"89\" src=\"https:\/\/www.sessizinsaat.org\/wp-content\/uploads\/2024\/04\/Logo05.png\" class=\"attachment-post-thumbnail size-post-thumbnail wp-post-image\" alt=\"LentaVia Dan\u0131\u015fmanl\u0131k\" decoding=\"async\" loading=\"lazy\" \/><\/a><\/figure>\n\n<h2 class=\"has-text-align-center wp-block-post-title\"><a href=\"https:\/\/www.sessizinsaat.org\/index.php\/2024\/04\/07\/lentavia-danismanlik\/\" target=\"_self\" >LentaVia Dan\u0131\u015fmanl\u0131k<\/a><\/h2>\n\n<div class=\"wp-block-post-excerpt\"><p class=\"wp-block-post-excerpt__excerpt\">Y\u00f6netim sistemleri, e\u011fitim y\u00f6netimi, faaliyet planlama, performans y\u00f6netimi, vb. alanlarda dan\u0131\u015fmanl\u0131k hizmetinin yan\u0131 s\u0131ra denetimler ve kurumsal e\u011fitimler ba\u015fl\u0131klar\u0131nda da destek sunmaktad\u0131r. www.lentaviadanismanlik.com <\/p><\/div>\n\n\n<hr class=\"wp-block-separator has-css-opacity\"\/>\n\n<\/li><li class=\"wp-block-post post-1672 post type-post status-publish format-standard has-post-thumbnail hentry category-cozum-ortaklarimiz\">\n<figure class=\"alignwide wp-block-post-featured-image\"><a href=\"https:\/\/www.sessizinsaat.org\/index.php\/2024\/04\/07\/ensaturk-muhendislik-osgb\/\" target=\"_self\" ><img width=\"182\" height=\"207\" src=\"https:\/\/www.sessizinsaat.org\/wp-content\/uploads\/2024\/04\/Logo_Enstaturk2-1.jpg\" class=\"attachment-post-thumbnail size-post-thumbnail wp-post-image\" alt=\"Ensaturk M\u00fchendislik OSGB\" decoding=\"async\" loading=\"lazy\" \/><\/a><\/figure>\n\n<h2 class=\"has-text-align-center wp-block-post-title\"><a href=\"https:\/\/www.sessizinsaat.org\/index.php\/2024\/04\/07\/ensaturk-muhendislik-osgb\/\" target=\"_self\" >Ensaturk M\u00fchendislik OSGB<\/a><\/h2>\n\n<div class=\"wp-block-post-excerpt\"><p class=\"wp-block-post-excerpt__excerpt\">\u0130\u015f sa\u011fl\u0131\u011f\u0131 ve g\u00fcvenli\u011fi, OSGB, \u00e7evre dan\u0131\u015fmanl\u0131\u011f\u0131 alanlar\u0131nda hizmet vermektedir. www.ensaturk.com <\/p><\/div>\n\n\n<hr class=\"wp-block-separator has-css-opacity\"\/>\n\n<\/li><\/ul><\/div>\n<\/div>\n","protected":false},"excerpt":{"rendered":"","protected":false},"author":1,"featured_media":0,"parent":0,"menu_order":0,"comment_status":"closed","ping_status":"closed","template":"","meta":[],"_links":{"self":[{"href":"https:\/\/www.sessizinsaat.org\/index.php\/wp-json\/wp\/v2\/pages\/524"}],"collection":[{"href":"https:\/\/www.sessizinsaat.org\/index.php\/wp-json\/wp\/v2\/pages"}],"about":[{"href":"https:\/\/www.sessizinsaat.org\/index.php\/wp-json\/wp\/v2\/types\/page"}],"author":[{"embeddable":true,"href":"https:\/\/www.sessizinsaat.org\/index.php\/wp-json\/wp\/v2\/users\/1"}],"replies":[{"embeddable":true,"href":"https:\/\/www.sessizinsaat.org\/index.php\/wp-json\/wp\/v2\/comments?post=524"}],"version-history":[{"count":6,"href":"https:\/\/www.sessizinsaat.org\/index.php\/wp-json\/wp\/v2\/pages\/524\/revisions"}],"predecessor-version":[{"id":1691,"href":"https:\/\/www.sessizinsaat.org\/index.php\/wp-json\/wp\/v2\/pages\/524\/revisions\/1691"}],"wp:attachment":[{"href":"https:\/\/www.sessizinsaat.org\/index.php\/wp-json\/wp\/v2\/media?parent=524"}],"curies":[{"name":"wp","href":"https:\/\/api.w.org\/{rel}","templated":true}]}}