{"id":948,"date":"2022-12-12T18:29:20","date_gmt":"2022-12-12T18:29:20","guid":{"rendered":"http:\/\/www.sessizinsaat.org\/?page_id=948"},"modified":"2024-04-06T13:38:40","modified_gmt":"2024-04-06T13:38:40","slug":"faydali-linkler","status":"publish","type":"page","link":"https:\/\/www.sessizinsaat.org\/index.php\/faydali-linkler\/","title":{"rendered":"Faydal\u0131 Linkler"},"content":{"rendered":"\n<figure class=\"wp-block-image size-full is-resized\"><img decoding=\"async\" loading=\"lazy\" src=\"https:\/\/www.sessizinsaat.org\/wp-content\/uploads\/2024\/04\/Faydali-Linkler.png\" alt=\"\" class=\"wp-image-1533\" width=\"720\" height=\"406\" srcset=\"https:\/\/www.sessizinsaat.org\/wp-content\/uploads\/2024\/04\/Faydali-Linkler.png 455w, https:\/\/www.sessizinsaat.org\/wp-content\/uploads\/2024\/04\/Faydali-Linkler-300x169.png 300w\" sizes=\"(max-width: 720px) 100vw, 720px\" \/><\/figure>\n\n\n\n<p class=\"wp-elements-3540f2a94eb5f06def64295930054595 has-foreground-color has-luminous-vivid-amber-background-color has-text-color has-background has-link-color\">1.(ENG)Avrupa \u00c7evre Ajans\u0131 \u2013 European Environment Agency : <a href=\"https:\/\/www.eea.europa.eu\/en\">European Environment Agency&#8217;s home page (europa.eu)<\/a><\/p>\n\n\n\n<p class=\"has-foreground-color has-text-color has-medium-large-font-size\" style=\"font-style:normal;font-weight:700\">Faydal\u0131 Makaleler &#8211; Raporlar<\/p>\n\n\n<ol>\n<li><span style=\"mso-list: Ignore;\"><span style=\"font: 7.0pt 'Times New Roman';\">\u00a0<\/span><\/span><a href=\"https:\/\/www.eea.europa.eu\/tr\/articles\/gurultu-kirliligi-hem-insan-sagligi\">G\u00fcr\u00fclt\u00fc kirlili\u011fi hem insan sa\u011fl\u0131\u011f\u0131 hem de \u00e7evre a\u00e7\u0131s\u0131ndan \u00f6nemli bir sorundur \u2014 Avrupa \u00c7evre Ajans\u0131 Raporu 04.04.2020<\/a><\/li>\n<li><a style=\"text-indent: -18pt; background-color: var(--wp--preset--color--background); font-family: var(--wp--preset--font-family--base); font-size: var(--wp--preset--font-size--base);\" href=\"https:\/\/www.ttb.org.tr\/STED\/sted0700\/5.html\">G\u00fcr\u00fclt\u00fcn\u00fcn Sa\u011fl\u0131k \u00dczerine Etkileri \u2013 S\u00fcrekli T\u0131p E\u011fitimi Dergisi Temmuz 2000<\/a><\/li>\n<li style=\"text-align: left;\"><a href=\"https:\/\/www.csgb.gov.tr\/medias\/12239\/calismayasamindagurultuilemucadelerehberi.pdf\">\u00c7al\u0131\u015fma Ya\u015fam\u0131nda G\u00fcr\u00fclt\u00fc ile M\u00fccadele Rehberi \u2013 Aile, \u00c7al\u0131\u015fma ve Sosyal Hizmetler Bakanl\u0131\u011f\u0131 \u0130\u015f Sa\u011fl\u0131\u011f\u0131 ve G\u00fcvenli\u011fi genel M\u00fcd\u00fcrl\u00fc\u011f\u00fc<\/a><\/li>\n<li><a href=\"https:\/\/cordis.europa.eu\/article\/id\/421617-recycling-and-reusing-builders-rubble\">Recycling and reusing builders\u2019 rubble | RE4 Project | Results in brief | H2020 | CORDIS | European Commission<\/a><\/li>\n<li><a href=\"https:\/\/www.engineering.com\/story\/how-mobile-factories-are-building-homes-from-rubble\">How Mobile Factories are Building Homes from Rubble | Engineering.com 16.06.2015<\/a><\/li>\n<li><a href=\"https:\/\/www.smithsonianmag.com\/innovation\/mobile-factory-turns-earthquake-rubble-into-bricks-permanent-homes-180960663\/\">The Mobile Factory Turns Earthquake Rubble Into Bricks For Permanent Homes | Innovation| Smithsonian Magazine 03.10.2026<\/a><\/li>\n<li><a href=\"https:\/\/dergipark.org.tr\/en\/download\/article-file\/1810758\">Dizel Jenerat\u00f6r Setlerinde Sonlu Elemanlar Y\u00f6ntemi ile G\u00fcr\u00fclt\u00fc Analizi ve Test De\u011ferlerinin Kar\u015f\u0131la\u015ft\u0131r\u0131lmas\u0131 &#8211; Dokuz Eyl\u00fcl \u00dcniversitesi M\u00fchendislik Fak\u00fcltesi Fen ve M\u00fchendislik Dergisi 06.12.2021<\/a>\u00a0<\/li>\n<li><a href=\"https:\/\/avekon.org\/papers\/1415.pdf\">\u0130n\u015faat End\u00fcstrisinde Geri D\u00f6n\u00fc\u015f\u00fcm \u00c7al\u0131\u015fmalar\u0131n\u0131n Geli\u015ftirilmesi ve Ekonomi \u00dczerine Etkileri &#8211; Uluslararas\u0131 Avrasya Ekonomileri Konferans\u0131 9-11 Eyl\u00fcl 2015 <\/a><\/li>\n<li><a href=\"https:\/\/marmara.gov.tr\/UserFiles\/Attachments\/2019\/12\/20\/c933a7f1-b2dd-481f-9473-5b94181ce4d0.pdf\">Kentsel D\u00f6n\u00fc\u015f\u00fcm S\u00fcrecinde \u0130stanbul\u2019da \u0130n\u015faat ve y\u0131k\u0131nt\u0131 At\u0131klar\u0131 Y\u00f6netimi &#8211; \u0130stanbul Teknik \u00dcniversitesi, \u0130n\u015faat Fak\u00fcltesi, \u00c7evre M\u00fchendisli\u011fi B\u00f6l\u00fcm\u00fc \u00a018.12.2029<\/a><\/li>\n<li><a href=\"https:\/\/cevre.ibb.istanbul\/wp-content\/uploads\/2022\/03\/2011-ENTEGRE-ATIK-YONETIMI-PLANI.pdf\">\u0130stanbul B\u00fcy\u00fck\u015fehir Belediyesi Entegre At\u0131k Y\u00f6netim Plan\u0131 &#8211; 2011<\/a><\/li>\n<li><a href=\"https:\/\/marmara.gov.tr\/UserFiles\/Attachments\/2019\/12\/20\/5dd64249-8e85-4a09-89e4-c9ad866b3794.pdf\">\u0130n\u015faat ve Y\u0131k\u0131nt\u0131\u00a0 At\u0131klar\u0131n\u0131n Geri Kazan\u0131m\u0131 &#8211; Evsel At\u0131klar Proje \u015eube M\u00fcd\u00fcrl\u00fc\u011f\u00fc- \u00a02019<\/a><\/li>\n<li><a href=\"https:\/\/gazeteoksijen.com\/turkiye\/atigi-tasimak-icin-kamyonlar-en-az-35-milyon-sefer-yapacak-171253\">At\u0131\u011f\u0131 ta\u015f\u0131mak i\u00e7in kamyonlar en az 3.5 milyon sefer yapacak \u2013 Gazete Oksijen \u2013 24.02.2023<\/a><\/li>\n<li><a href=\"https:\/\/%20G\u00fcn%20I\u015f\u0131\u011f\u0131%20Y\u00f6nlendirme%20Sistemleri%20-dergipark.org.tr\/tr\/download\/article-file\/1287874\">G\u00fcn I\u015f\u0131\u011f\u0131 Y\u00f6nlendirme Sistemleri &#8211; Mimarl\u0131k Bilimleri ve Uygulamalar\u0131 Dergisi\u00a0<\/a><a style=\"background-color: var(--wp--preset--color--background); font-family: var(--wp--preset--font-family--base); font-size: var(--wp--preset--font-size--base);\" href=\"https:\/\/%20G\u00fcn%20I\u015f\u0131\u011f\u0131%20Y\u00f6nlendirme%20Sistemleri%20-dergipark.org.tr\/tr\/download\/article-file\/1287874\">Ara\u015ft\u0131rma Makalesi -2021<\/a><\/li>\n<li><a href=\"https:\/\/www.emo.org.tr\/ekler\/66f374e0826c14b_ek.pdf\">G\u00fcn\u0131\u015f\u0131\u011f\u0131 Ayd\u0131nlatma Sisteminin Tan\u0131t\u0131m\u0131 Ve Performans\u0131n\u0131n De\u011ferlendirilmesi &#8211; IV. Ulusal Ayd\u0131nlatma Sempozyumu Ve Sergisi Bildirileri<\/a><\/li>\n<li><a href=\"https:\/\/www.hurriyet.com.tr\/gundem\/mek-nlara-isik-tupuyle-gunes-isinlari-yayiliyor-7059729\">Mekanlara \u0131\u015f\u0131k t\u00fcp\u00fcyle g\u00fcne\u015f \u0131\u015f\u0131nlar\u0131 yay\u0131l\u0131yor \u2013 H\u00fcrriyet Haber \u2013 11.08.2007<\/a><\/li>\n<li><a href=\"https:\/\/acikders.ankara.edu.tr\/pluginfile.php\/62788\/mod_resource\/content\/0\/11.pdf\">G\u00fcr\u00fclt\u00fc Kirlili\u011fi \u2013 Ankara \u00dcniversitesi A\u00e7\u0131k Ders Malzemeleri<\/a><\/li>\n<\/ol>\n<p><!-- \/wp:paragraph --><\/p>","protected":false},"excerpt":{"rendered":"<p>1.(ENG)Avrupa \u00c7evre Ajans\u0131 \u2013 European Environment Agency : European Environment Agency&#8217;s home page (europa.eu) Faydal\u0131 Makaleler &#8211; Raporlar \u00a0G\u00fcr\u00fclt\u00fc kirlili\u011fi hem insan sa\u011fl\u0131\u011f\u0131 hem de \u00e7evre a\u00e7\u0131s\u0131ndan \u00f6nemli bir sorundur [&hellip;]<\/p>\n","protected":false},"author":1,"featured_media":0,"parent":0,"menu_order":0,"comment_status":"closed","ping_status":"closed","template":"","meta":[],"_links":{"self":[{"href":"https:\/\/www.sessizinsaat.org\/index.php\/wp-json\/wp\/v2\/pages\/948"}],"collection":[{"href":"https:\/\/www.sessizinsaat.org\/index.php\/wp-json\/wp\/v2\/pages"}],"about":[{"href":"https:\/\/www.sessizinsaat.org\/index.php\/wp-json\/wp\/v2\/types\/page"}],"author":[{"embeddable":true,"href":"https:\/\/www.sessizinsaat.org\/index.php\/wp-json\/wp\/v2\/users\/1"}],"replies":[{"embeddable":true,"href":"https:\/\/www.sessizinsaat.org\/index.php\/wp-json\/wp\/v2\/comments?post=948"}],"version-history":[{"count":6,"href":"https:\/\/www.sessizinsaat.org\/index.php\/wp-json\/wp\/v2\/pages\/948\/revisions"}],"predecessor-version":[{"id":1584,"href":"https:\/\/www.sessizinsaat.org\/index.php\/wp-json\/wp\/v2\/pages\/948\/revisions\/1584"}],"wp:attachment":[{"href":"https:\/\/www.sessizinsaat.org\/index.php\/wp-json\/wp\/v2\/media?parent=948"}],"curies":[{"name":"wp","href":"https:\/\/api.w.org\/{rel}","templated":true}]}}